p - 23*p. What is the remainder when (-14)/((-1)/(8*r)) is divided by p?
25
Let m be (5 - 1)*(-35)/(-140). Calculate the remainder when 6/(-10) - (2824/(-40))/m is divided by 8.
6
Suppose -4*h - 9 + 3 = 2*g, 0 = -h - g - 4. Calculate the remainder when 70 is divided by ((-10)/(-25))/((h/(-30))/(-1)).
10
Suppose 2242 + 1598 = 65*c + 850. What is the remainder when 96 is divided by c?
4
Let y(t) = 521*t + 8082. Calculate the remainder when y(-15) is divided by 37.
8
Let b(d) = d**3 - 4*d**2 + 4. Let h be b(4). Suppose -5*x - 5 = 6*o - 3*o, -2 = 2*x - o. Calculate the remainder when 55 is divided by x/h + 1290/40.
23
Calculate the remainder when 1114 is divided by 7/(-14)*(-40)/15*30.
34
Suppose 0 = 4*s + 3*i - 6*i - 199, -2*i - 198 = -4*s. Calculate the remainder when (-1270797)/(-4365) + 2/(-15) is divided by s.
46
Let q(h) = 48*h**2 + 75*h + 77. What is the remainder when q(-6) is divided by 36?
23
Let g(z) = z**2 - z + 1. Let v be g(2). What is the remainder when 13926/165 + 9/((-405)/18) is divided by (-17)/4*(v - 7)?
16
Suppose 0 = 4*k - 6*k + 48. Let t(g) = -2*g**2 - 25*g - 8. Let a be t(-12). Suppose -a*y - 1144 = -17*y. What is the remainder when y is divided by k?
16
Calculate the remainder when 574 is divided by 3 - (-6 - (-84)/(35/5)) - -172.
67
Let s = 5497 - 5243. Calculate the remainder when s is divided by 23.
1
Let i = 703 - 713. Let h(k) = -44*k - 432. What is the remainder when 23 is divided by h(i)?
7
What is the remainder when (4 - 120/(-25))/(4/850) is divided by 39?
37
Let w(f) = f**2 + 33*f + 54. Let v be w(-12). Let z = v + 218. Calculate the remainder when 28 is divided by z.
8
Let j = 719 + -367. Let q = j + -304. Calculate the remainder when 95 is divided by q.
47
Let h(c) be the first derivative of 3*c**2 + 87*c - 56. Calculate the remainder when h(-9) is divided by (-6)/(3 + 0) + 14.
9
Suppose -4*d + d = -3*o + 444, 4*o - d = 589. Suppose 4*v = 3*j - 274, -3*j - v + o = -137. Let u = -8 + 20. What is the remainder when j is divided by u?
10
Suppose 2*z - 5*x + 6 = 4*z, 3*z + 5*x = 9. Suppose -6*d + 8*d = z*l - 46, l - 21 = -5*d. What is the remainder when l is divided by (-20)/(-6)*12/10?
0
Let m be 16/(-6)*99/(-4). Let a = 76 - m. Calculate the remainder when 117 is divided by 244/a - (-1)/((-25)/10).
21
Let f = -231 + 264. Let i = 2 + f. Let k(d) = -d + 6. Calculate the remainder when i is divided by k(-6).
11
Suppose 6*t + 5 = -31, 3*a - 3*t - 585 = 0. What is the remainder when a is divided by 62?
3
Let g = -10320 - -10366. What is the remainder when 170 is divided by g?
32
Let t(j) = 163*j + 2394. Calculate the remainder when t(-10) is divided by 33.
5
Suppose 127*m = 235*m - 19764. What is the remainder when 4389 is divided by m?
180
Suppose -d + 0*d = -4. Calculate the remainder when 20/50*21/9*15 is divided by d.
2
Suppose 0 = 19*g - 24*g + 5, 56 = 3*h + 2*g. What is the remainder when 6657 is divided by h?
15
Let d(n) = 5*n**3 - 2*n**2 - 3*n - 10. Let u be d(4). Let z = 501 - u. Calculate the remainder when z is divided by 79.
77
Let k = 339 - 332. Calculate the remainder when 104 is divided by k - 32/(-6)*9.
49
Suppose 2*l = d + 4*d, -l = -5*d. Suppose 3*s = -l - 12, -4*y - s + 44 = 0. Calculate the remainder when 45 is divided by y.
9
Suppose -4*p = -4*f + 44, f + 2*p = -4*f + 62. Suppose f*g - 17*g + 225 = 0. Suppose -k + 3 = -9. What is the remainder when g is divided by k?
9
Let m = 423 - 283. Suppose -139*n - 348 = -m*n. What is the remainder when n is divided by 25?
23
Let b(v) = -24*v**3 + 10*v**2 - 2*v + 7. Let z be b(3). Let k = z - -634. Let m = 37 + -21. What is the remainder when k is divided by m?
13
Suppose 129*j = -42*j - 1439 + 27944. What is the remainder when 357 is divided by j?
47
Let m(g) = -g**3 - 14*g**2 - 25*g + 1. Suppose 0 = 6*w - 41 - 169. Calculate the remainder when w is divided by m(-12).
9
Calculate the remainder when (44 - 6/3*-1) + (-504)/72 is divided by (-8)/12 - (-50)/3.
7
What is the remainder when 3365954/22446 + (-2)/29 + 1/9 is divided by 100?
50
What is the remainder when 18/72 - (-2037)/12 is divided by 49?
23
Suppose 44 - 16 = 4*l. Suppose c = -4 + l. Calculate the remainder when 22 is divided by (-1)/c - 250/(-30).
6
Suppose 17*i + 5*w = 13*i + 391, 5*i - 461 = 3*w. Calculate the remainder when 517 is divided by i.
47
Let i(a) = -18*a - 638. Calculate the remainder when 6014 is divided by i(-39).
62
Suppose j = 9*j - 240. What is the remainder when j is divided by (4 - (-126)/(-70))*1*5?
8
Let c be 12/5 - 15/(-25) - 0. Suppose -30 = -c*p - 15. Calculate the remainder when 38 is divided by p.
3
Let z be (-26)/(-5) - 5/25 - 3. Suppose -4*t + 20 = 3*r - z*t, 10 = r - t. Suppose -r*f = -11*f + 84. What is the remainder when 54 is divided by f?
26
Suppose 734*s - 738*s + 90 = -2*n, -5*s + 118 = 3*n. Suppose 4*p + 100 = 8*p. Let o = p - 9. Calculate the remainder when s is divided by o.
7
Let l be 1 + 7*(-4)/(-28). Suppose l*b = 13*b - 594. What is the remainder when 431 is divided by b?
53
Let j(g) = -74*g + 6225. Calculate the remainder when 20868 is divided by j(84).
6
Let b(z) = -z**2 - 12*z. Let d be b(-14). Let n = d + 29. What is the remainder when (-196)/((-16)/4)*n is divided by 26?
23
Suppose -4*s + 1238 = -2*m, -26*s + 31*s + 2*m - 1588 = 0. What is the remainder when s is divided by 282?
32
Let d be ((-966)/(-3))/(-7)*(-2)/4. What is the remainder when 269 is divided by (d/69)/((-202)/102 + 2)?
14
Suppose -f - 4 = -2*f. Suppose -2*w - 3*t = -37, -4*w = 3*t - 394 + 323. Calculate the remainder when 380/6 + f/6 is divided by w.
13
Suppose 5*p + 926 + 150 = 3*x, 5*x - 2*p - 1787 = 0. Let r = 394 - x. Calculate the remainder when -2*(0 - (-219)/(-6)) is divided by r.
36
Let d = -4572 + 4580. Calculate the remainder when d is divided by (-32)/(-5) - 2/5.
2
Let q(n) be the third derivative of 65*n**4/24 + 37*n**3/3 - 18*n**2 + 1. Calculate the remainder when 76 is divided by q(-1).
4
Let w(y) = y**3 - 15*y**2 + y - 1. Let o be w(15). Suppose 5*a = o*a - 99. Suppose -a*u - 22 = -13*u. Calculate the remainder when 62 is divided by u.
7
Let h(d) be the second derivative of d**4/12 + 4*d**3/3 - 9*d**2/2 - 14*d + 1. Calculate the remainder when 108 is divided by h(5).
52
Let b = -19601 + 19937. What is the remainder when b is divided by 19?
13
Suppose 0 = -3*f + 3*j - 40 - 2, 4*j + 96 = -4*f. Let c be (f/(-4) + -4)*(-108)/(-1). Let x = c - 63. What is the remainder when x is divided by 7?
4
Let h = -24 - -28. Let p = -23 - -36. What is the remainder when 4 + ((-3 - 9)/h - -19) is divided by p?
7
Suppose -y + 20 = 3*n, -3*n + 33 = -4*y + 128. Let b(c) = 9*c**2 + 3*c + 3. Calculate the remainder when b(-3) is divided by y.
6
Suppose -2*h - 294 = -s, 3*s - 676*h - 907 = -675*h. Calculate the remainder when s is divided by 64.
48
Let r = -38428 + 39131. What is the remainder when r is divided by 91?
66
Let g(o) = -o - 2. Let n be g(-7). Suppose -3*a + 2*a - 6 = -3*b, 0 = n*b - 2*a - 10. Suppose -44 + 30 = -b*c. Calculate the remainder when 19 is divided by c.
5
Let y(b) = -15 - 3 + 11*b + 0*b. Let k = 6 + -3. What is the remainder when 26 is divided by y(k)?
11
Suppose 6*u = -306 + 1002. What is the remainder when (-2 + u)/(-1 + 21/7) is divided by 30?
27
Let x(j) = -15*j - 88. Let u be x(-6). Suppose -5*g + 8 = 5*o - 17, -2*g + u*o = -6. What is the remainder when 37 is divided by g?
1
Suppose 0 = t - u - 1, -4*t + 32 = 15*u - 12*u. Let s(g) = -g**2 - 21*g - 21. Calculate the remainder when s(-7) is divided by t.
2
Let n(c) = -380*c + 1180. What is the remainder when n(2) is divided by 5?
0
Let l = 50 - 50. Suppose 0 = 2*i - 4, -30 = -5*u + 5*i - l*i. Let b(s) = -2*s + 23. What is the remainder when 26 is divided by b(u)?
5
Let d = 16033 - 15996. Let g(w) = -w**2 - 9*w + 5. Calculate the remainder when d is divided by g(-7).
18
Let b(m) be the first derivative of -m**4/4 - 2*m**3 + 7*m**2/2 + 10*m - 73. Calculate the remainder when 45 is divided by b(-7).
5
Let z = 99 - 99. Suppose -o = 4*r - 55, -4*r + z*r = -3*o + 85. Suppose -2*q + 21 + 19 = 0. Calculate the remainder when o is divided by q.
15
Let x = -9328 + 9337. Let o = 18 - 29. Let r = -8 - o. What is the remainder when x is divided by r?
0
Let z(s) = s**3 - 9*s**2 + 97*s + 13. Suppose 4*u = -20, 4*f - 2*u - 